nd 111.
111
Calculate the highest common factor of 865 and 63985.
5
What is the greatest common divisor of 350749908 and 141?
141
Calculate the greatest common divisor of 4131 and 4512276.
153
What is the greatest common divisor of 931 and 1552271?
49
Calculate the highest common factor of 40 and 18658740.
20
Calculate the highest common factor of 3 and 150083217.
3
Calculate the greatest common divisor of 33920 and 968000.
320
What is the greatest common factor of 248 and 898792424?
248
What is the greatest common factor of 74196760 and 3960?
440
Calculate the highest common factor of 120 and 233484.
12
What is the greatest common divisor of 134122681 and 1533?
511
What is the highest common divisor of 15477660 and 1230?
30
What is the greatest common divisor of 1288 and 5076491?
161
Calculate the highest common divisor of 940877 and 480333.
1799
Calculate the greatest common factor of 13804 and 28157724.
812
What is the greatest common factor of 179136 and 130752?
576
Calculate the greatest common divisor of 1425326317 and 1553.
1553
Calculate the greatest common divisor of 4 and 58403833.
1
Calculate the highest common factor of 29240 and 7532955.
3655
Calculate the greatest common factor of 1206170 and 9170.
70
What is the greatest common factor of 79335 and 4878135?
1935
Calculate the highest common factor of 90398 and 1833062.
154
Calculate the greatest common divisor of 1735059 and 6.
3
What is the highest common divisor of 50 and 295325?
25
Calculate the greatest common factor of 188 and 80328.
4
Calculate the highest common divisor of 9282 and 4012918.
3094
Calculate the greatest common divisor of 13250 and 35139.
53
Calculate the highest common factor of 739 and 217133719.
739
What is the highest common divisor of 1730755 and 1235?
65
What is the greatest common divisor of 4319567 and 187089?
413
Calculate the greatest common factor of 12 and 30161148.
12
Calculate the highest common factor of 209077 and 279301.
11
What is the greatest common factor of 417175 and 29975?
275
What is the greatest common divisor of 13988 and 8268?
52
What is the greatest common factor of 526942568 and 564?
188
Calculate the greatest common divisor of 121086 and 2982.
42
What is the greatest common divisor of 5533572 and 1452?
1452
What is the highest common factor of 693 and 2097183?
33
Calculate the highest common divisor of 2109392 and 208.
16
Calculate the greatest common divisor of 4342 and 2597998.
26
Calculate the greatest common factor of 5677 and 82768227.
811
Calculate the greatest common divisor of 28503510 and 420.
210
What is the highest common divisor of 23687325 and 45?
45
What is the highest common divisor of 135003631 and 14?
7
Calculate the highest common factor of 3930524 and 400205.
1703
What is the highest common factor of 4512 and 2370351?
141
Calculate the greatest common factor of 281 and 1151819.
281
Calculate the greatest common factor of 24 and 3757404.
12
What is the greatest common divisor of 3100 and 6493012?
124
Calculate the highest common factor of 24231 and 3435877.
197
Calculate the greatest common factor of 16669619 and 917.
131
What is the highest common factor of 90950 and 533800?
850
Calculate the greatest common divisor of 2 and 1073075.
1
Calculate the highest common factor of 444773 and 3479.
49
Calculate the highest common factor of 115287459 and 19.
19
Calculate the highest common factor of 95794490 and 510.
170
What is the highest common factor of 3069358614 and 126?
126
Calculate the greatest common divisor of 34018 and 30213110.
466
What is the highest common factor of 3134670 and 13409?
253
What is the highest common divisor of 1107742 and 4842?
538
Calculate the greatest common factor of 1199663 and 2.
1
What is the greatest common factor of 867 and 886669?
17
Calculate the highest common divisor of 15894297 and 72432.
4527
What is the greatest common divisor of 75432855 and 480?
15
What is the greatest common divisor of 1850 and 4312800?
50
What is the highest common factor of 40 and 24319640?
40
What is the greatest common factor of 20 and 72729920?
20
Calculate the greatest common factor of 338 and 4385290.
26
What is the highest common factor of 46 and 1696686609?
23
Calculate the highest common divisor of 138 and 2588295846.
138
Calculate the greatest common factor of 342 and 2686182.
114
Calculate the highest common divisor of 63186866 and 1634.
86
Calculate the greatest common factor of 3110 and 284510.
10
What is the highest common divisor of 78589 and 618793?
763
Calculate the greatest common divisor of 78 and 100326642.
78
What is the highest common factor of 657836 and 20544?
428
Calculate the highest common factor of 6594 and 30144471.
3297
What is the highest common factor of 76202 and 1946?
14
What is the greatest common divisor of 55939 and 244609?
331
What is the greatest common factor of 24 and 1051548?
12
What is the greatest common divisor of 1715957 and 275731?
2677
Calculate the greatest common factor of 18058097 and 493.
493
Calculate the greatest common divisor of 2950930 and 118476.
2194
Calculate the highest common factor of 2603 and 12885809.
137
What is the greatest common divisor of 95450907 and 16248?
2031
What is the greatest common divisor of 526078 and 770196?
742
Calculate the greatest common factor of 21240 and 4419720.
360
What is the highest common divisor of 84806700 and 450?
150
What is the greatest common factor of 1476 and 35061560?
164
Calculate the greatest common divisor of 32266300 and 1375.
275
Calculate the highest common factor of 126592 and 39990.
86
Calculate the highest common divisor of 462 and 8425857.
33
What is the greatest common divisor of 3969127 and 26672?
1667
What is the highest common divisor of 212 and 794064?
4
What is the highest common factor of 29240 and 26360?
40
What is the highest common divisor of 10500 and 2600500?
3500
Calculate the greatest common divisor of 336 and 13641418.
14
What is the highest common factor of 2324529 and 45?
9
Calculate the greatest common divisor of 208 and 2463448.
104
What is the greatest common factor of 11680 and 1664720?
80
What is the highest common divisor of 149625 and 3540?
15
What is the highest common factor of 32480 and 127513?
29
What is the highest common divisor of 1441726 and 2134?
22
Calculate the greatest common factor of 36 and 8174308.
4
What is the greatest common factor of 28 and 1134991592?
28
What is the highest common factor of 10275 and 41732255?
685
Calculate the highest common divisor of 182 and 1174593147.
91
Calculate the greatest common divisor of 12168 and 61367280.
4056
What is the greatest common divisor of 197 and 89210071?
197
What is the highest common factor of 4568 and 1698744?
8
Calculate the highest common divisor of 18786 and 1825272.
606
What is the highest common factor of 5528 and 131290?
1382
What is the greatest common factor of 358 and 20241499?
179
Calculate the greatest common factor of 101084 and 23241124.
2732
What is the highest common factor of 686207 and 17277?
443
Calculate the highest common divisor of 98515 and 28645.
85
What is the greatest common factor of 58179375 and 2625?
375
Calculate the highest common factor of 1040359072 and 128.
32
What is the highest common factor of 558 and 258933204?
558
What is the highest common divisor of 28231477 and 5066?
149
Calculate the greatest common divisor of 3124 and 402424.
44
Calculate the greatest common divisor of 757 and 536211109.
757
What is the highest common divisor of 862312 and 95600?
1912
Calculate the greatest common factor of 4942 and 55930.
14
What is the greatest common divisor of 42721833 and 23779?
301
What is the greatest common divisor of 1125 and 2739708?
9
Calculate the highest common factor of 2353460 and 25260.
20
Calculate the highest common factor of 314794273 and 417.
139
Calculate the greatest common divisor of 159 and 5622399.
159
Calculate the greatest common divisor of 114387165 and 103.
103
What is the greatest common divisor of 28500 and 161310?
570
Calculate the greatest common factor of 11970 and 63281970.
1710
Calculate the greatest common divisor of 463970678 and 27429.
9143
What is the greatest common divisor of 2750274 and 11907?
243
Calculate the greatest common divis